
Suppose -5*o + 4*p = -10*o + 175, o - 35 = -2*p. List the prime factors of o.
5, 7
Let k(r) = -r**2 + r + 28. What are the prime factors of k(0)?
2, 7
Let d be 267/9 + (-2)/(-6). Suppose 5*s + z + d = 0, 0*z = z. Let y = -3 - s. List the prime factors of y.
3
Let f(z) = -2*z - 17. Suppose 6*d + 52 = 2*d. Let o be f(d). Let s = o + 6. What are the prime factors of s?
3, 5
Suppose -7*i + 9*i - 102 = 0. List the prime factors of i.
3, 17
Let v = -19 + 7. What are the prime factors of (v/5)/((-8)/20)?
2, 3
Let c be 3*(-6)/9 + 12. Suppose -2*h = -h - c. List the prime factors of h.
2, 5
Suppose -17 = -3*s + 3*q - 2*q, -7 = -3*s - q. Let b be 4*((-2)/s + -1). Let y(a) = -a**3 - 5*a**2 + 5*a - 2. What are the prime factors of y(b)?
2
Let c(r) = -r**2 + 9*r. Let t(q) = -q**3 - 4*q**2 - q + 4. Let b be t(-4). What are the prime factors of c(b)?
2
Suppose 2 = -4*m - 6. List the prime factors of -3 - (-1 + m - 10).
2, 5
Suppose 5*v - 4*h + 112 = 0, -v + 6*h - 8*h = 28. What are the prime factors of v*(-2 + (-20)/(-12))?
2
Let b(p) = p + 2. Let t be b(-3). List the prime factors of (-65)/(-10)*(t + 3).
13
Suppose 0 = -12*w + w + 891. What are the prime factors of w?
3
Suppose -117 + 317 = 5*x. What are the prime factors of x?
2, 5
Let x(y) = y**2 - 4*y + 78. What are the prime factors of x(16)?
2, 3, 5
Let f = -36 - -74. Let d = f + -21. What are the prime factors of d?
17
Let s(d) = 4*d + 12. Let f be s(11). Suppose 0 = 2*b + 2*a + a - 84, 0 = b + 5*a - f. What are the prime factors of b?
2, 3
Let f(c) = -3*c + 4. Let n be 1*(-5 + (3 - 0)). What are the prime factors of f(n)?
2, 5
Let u(r) = r**3 + 7*r**2 - 9*r - 8. Let s be u(-8). Suppose 5*f - 2*l = 61, s = -5*f + 4*l + 67. List the prime factors of f.
11
Suppose 28*i - 26*i = 568. List the prime factors of i.
2, 71
Let r = 2227 + -1562. What are the prime factors of (-3)/4 - r/(-28)?
23
Suppose 18 = 2*f + 5*c, 0*f + 32 = 3*f + 5*c. What are the prime factors of f?
2, 7
Suppose 5*g - 40 = -5*s, 4*s - 8 = 3*s - 3*g. What are the prime factors of s?
2
Suppose 4*j + 33 - 289 = 0. List the prime factors of j.
2
Suppose 2*c - 5*l + 4 = -17, -2*l = -6. Let m(b) = b**3 + 5*b**2 + b - 5. Let n be m(-4). List the prime factors of (n/(-4))/(c/12).
7
Suppose -5*x + 2*o = -744, -x + 4*o + 147 = 3*o. What are the prime factors of x?
2, 3, 5
Let f = -2 + 6. Suppose f*g - 19 = 3*g + 2*c, 4*c = -g - 11. What are the prime factors of g?
3
Let m = -2 + 5. Suppose m*v = 5 + 28. List the prime factors of v.
11
Suppose -3*i + 504 = -3*k, 4*i - 498 = i - 3*k. List the prime factors of i.
167
Let n(z) = 20*z + 3. List the prime factors of n(3).
3, 7
What are the prime factors of (-3 - 1)/((-5)/160*4)?
2
Let t = -99 + 156. List the prime factors of t.
3, 19
List the prime factors of 1020/7 + (-10)/(-35).
2, 73
Suppose 3*w = -2*t + 119, t - 19 = 3*w + 54. List the prime factors of t.
2
Suppose -2*t = 2*c - 22 - 44, -4*t = -4*c + 148. What are the prime factors of c?
5, 7
Suppose 8*f = 3*f + 15. Let h be 24 - (2 - 8/2). Suppose f*v - 12 - 15 = m, h = 4*v + 2*m. List the prime factors of v.
2
Let o be -1*18/(-15)*-5. Let s = 8 - o. List the prime factors of s.
2, 7
What are the prime factors of 12 + (4 + -6)/(-1)?
2, 7
Let f = 7 - 4. Suppose -f*x + 6 = -3*m, -4*x + 0*m - 5*m = 10. What are the prime factors of -2 + 3 - (x + -4)?
5
Let h = -8 - -8. Suppose p = 2 - h. List the prime factors of p.
2
Suppose 2*r = -3*x - 0*r - 5, -2 = 3*x - r. Let f = x - -6. What are the prime factors of f?
5
Let s(z) = 2*z - 1. Let d be s(8). Suppose 4*j = d + 17. List the prime factors of j.
2
Suppose 2*d + 7*r = 4*r + 79, 0 = -5*r - 5. List the prime factors of d.
41
Suppose 0*u = 3*u + 12. Let s be (-4)/(-2 - u) + 6. Suppose -5 - s = -f. List the prime factors of f.
3
Suppose -g + 1 + 5 = 0. List the prime factors of 3/g*-1*-50.
5
Suppose -3*z + 21 + 27 = 0. Suppose c - z = 5. List the prime factors of c.
3, 7
Suppose 4*d + 2*h - 864 = 0, 3*h - 16 + 4 = 0. List the prime factors of d.
2, 107
Suppose 874 - 82 = 3*h. List the prime factors of h.
2, 3, 11
Let b be 10/(0 + 2) + 0. Let a = b + 12. What are the prime factors of a?
17
What are the prime factors of 1770/45 - 2/6?
3, 13
Suppose -3*q + 92 = q. What are the prime factors of q?
23
Suppose 18 = 4*j - 62. What are the prime factors of j?
2, 5
Let z = 37 + -11. Suppose -19 - z = -o. What are the prime factors of o?
3, 5
Suppose -c + q = -3, 0 = -0*c - 2*c - 4*q - 12. Suppose c = -2*y - 2*y + 20. What are the prime factors of y?
5
Suppose -3*f + 3*l + 78 = -2*l, l = -f + 18. Let a(y) = -2*y - 8. Let p be a(-6). Suppose p*t - 57 + f = 0. What are the prime factors of t?
3
Suppose 3*l + 10 = l. Let j = l - -5. Suppose 3*y - 3*s = -4*s + 46, 4*y - 5*s - 55 = j. List the prime factors of y.
3, 5
Let x(c) = 7*c + 10. What are the prime factors of x(7)?
59
Let p(x) = x**2 + 3*x - 5. Let l = -12 - -3. Let i = -14 - l. List the prime factors of p(i).
5
Let b(h) = h**3 - 8*h**2 - 8*h + 3. List the prime factors of b(9).
2, 3
What are the prime factors of -12*(15/12)/(-5)?
3
Suppose 1 - 2 = z. Let s(d) = -7*d - 3. Let y(v) = -8*v - 2. Let g(w) = -3*s(w) + 4*y(w). What are the prime factors of g(z)?
2, 3
Let v(d) = d**3 - d**2 + 6*d - 7. What are the prime factors of v(3)?
29
Let t = -80 + 128. What are the prime factors of t?
2, 3
What are the prime factors of 47768/140 + (-12)/10?
2, 5, 17
Let n be 31/5 + (-7)/35. Suppose -c - 2 + n = 0. Let m(i) = i**3 - 4*i**2 + i - 1. What are the prime factors of m(c)?
3
Let d(s) = -5*s**2 + 16*s + 6. Let y(l) = -4*l**2 + 15*l + 7. Let t(q) = -3*d(q) + 4*y(q). What are the prime factors of t(10)?
2, 3, 5
Let p = -34 + 37. List the prime factors of p.
3
Suppose -3*r + v = -8*r - 13, -r + 10 = -4*v. List the prime factors of 24/18 - r/3.
2
Suppose -62 = f - 141. List the prime factors of f.
79
What are the prime factors of 0 - (-5)/((-15)/(-117))?
3, 13
Let i(n) = n - 1. Let j be i(-2). Suppose 5*r + 0 = 5. Let s = r - j. List the prime factors of s.
2
Let l be (715/20)/((-2)/8). Let a = -227 - l. List the prime factors of (-2)/(-5) + a/(-15).
2, 3
Let r = -4 + 2. Let u be r/(-8) + (-7)/(-4). Suppose -3*c + 5*y = -u - 6, 2*c - 3*y = 6. What are the prime factors of c?
2, 3
List the prime factors of 3/5 + (11466/15)/6.
2
Let s = -22 - -36. What are the prime factors of s?
2, 7
Suppose 5*h = -14 - 26. Let r = -6 - h. Suppose 19 = r*q + 4*k - 3, 4*k = 3*q - 13. What are the prime factors of q?
7
Let f(y) = y + 8. Let k be f(-6). Suppose 3*g - k*u + 11 = 0, -4*u - 8 = -0*u. Let w(l) = 2*l**2 + 5*l - 7. What are the prime factors of w(g)?
2, 3
Let h = 71 - 42. What are the prime factors of h?
29
Let l = -48 - -95. List the prime factors of l.
47
Let i = -22 + 16. Let n(v) = -v**2 - 8*v + 4. Let r be n(-7). What are the prime factors of 90/r - i/(-33)?
2
Suppose 4*v = 5*v. Suppose v = -o + 3*o - 12. List the prime factors of o.
2, 3
Let i(v) = -v**3 - 6*v**2 - 7*v - 6. List the prime factors of i(-6).
2, 3
Let r = -31 + 57. Suppose -u = u + r. Let t = u + 24. What are the prime factors of t?
11
Suppose -q - 5*f + 5 = 4*q, 3*q + 11 = 4*f. List the prime factors of (17 - -3)/1 + q.
19
Let i(z) be the third derivative of -z**6/120 - z**5/10 - z**4/2 - 7*z**3/6 + 5*z**2. What are the prime factors of i(-5)?
2, 7
Let d(p) = 2*p - 3 - 2 + 0*p + 1. Let m be d(4). Suppose -m*n = n - 65. List the prime factors of n.
13
Suppose -20 - 15 = -m. List the prime factors of m.
5, 7
Suppose 0 = -0*h - 3*h - 117. What are the prime factors of 1/(-1 - 42/h)?
13
Let q = -1 - 1. Let x(s) = 6*s - 3. Let p be x(2). Let c = q + p. List the prime factors of c.
7
Let q be (7/(-1) - 3) + 3. Let d(r) = r**2 + 6*r - 4. Let v be d(q). What are the prime factors of 20/v - (-2)/6?
7
Let c(z) = z**2 - 14*z + 12. Let o be c(13). Let i(k) = 53*k**2. List the prime factors of i(o).
53
Let y be 200/12 + 2/(-3). Suppose b + 16 = 3*p - 40, -p + y = b. What are the prime factors of p?
2, 3
Let q = 1 - -4. Suppose 25 + 105 = q*i. List the prime factors of i.
2, 13
Let q(o) = 7*o**2 - 2*o + 3. List the prime factors of q(3).
2, 3, 5
Let c(y) = y**2. Let q be c(2). Suppose q*z - 25 = -z. Suppose -3*h = 4*k - 4 - 6, -z*h + 3*k + 36 = 0. What are the prime factors of h?
2, 3
Suppose 0*h = 5*h - 55. Let c = h - 